Is i a composite number?
True
Let a = 8 + -12. Let r be (-3)/((6/a)/1). Let f(x) = 38*x**3 + 3*x**2 - x. Is f(r) a prime number?
False
Suppose -o - 4*l = -35, 0*o - 2*o = -l - 34. Let c(f) = -9*f + 12*f - 5 + o*f. Is c(6) composite?
False
Suppose -5*z = 441 + 229. Let r = -256 - z. Is (2 + r/8)*-4 composite?
False
Let j = -165 - 140. Let o = j + 790. Is o prime?
False
Let f(c) = -c**3 + 33*c**2 + 11*c + 36. Is f(29) composite?
False
Let l = -97738 + 142971. Is l a prime number?
True
Suppose 4*z = -t, -z + 2*t - 3 = 6. Let k be (1 - (z - 0)) + 99. Let g = -19 + k. Is g composite?
True
Suppose 3*s - 99716 = -4*i, 4*s - 19780 - 55007 = -3*i. Is i prime?
False
Let q = 608 + 891. Is q prime?
True
Suppose -85*t = -474108 + 176183. Is t prime?
False
Is (-8283)/(-5) + ((-70)/25)/(-7) a prime number?
True
Is (-4)/(-2)*(-439088)/(-32) a composite number?
True
Let s = 5035 + 1588. Is s a composite number?
True
Let a be 567*(8/(-3) - -2). Let u = a + 126. Is (-3 - -2) + u/(-1) composite?
False
Let b(f) = -204*f - 11. Let m(c) = -c**3 - 6*c**2 + 7*c - 5. Let p be m(-7). Is b(p) composite?
False
Suppose 0*y + 3*y = -198. Let u be y/(-18) - 3/(-9). Suppose -3*i + u*a + 350 = -0*i, -4*i + 470 = -2*a. Is i composite?
True
Let t(k) = 84*k**2 + 1. Let o(g) = -2*g - 1. Let x be o(-2). Suppose 2*r - r = 2*u, 0 = -3*u - x*r + 9. Is t(u) a prime number?
False
Let f = -97 + 104. Suppose -v - 3*p = -316, -2*v - p = -f*v + 1532. Is v a composite number?
False
Let c(w) = -w**3 - 9*w**2 - 4*w + 8. Let o be c(-9). Let l = o - 32. Is -668*-3*1/l prime?
True
Let m(l) = -l**3 + 4*l**2 + 14*l - 7. Let a be m(6). Let v be (3 - (3 - 0)) + a. Is (-1)/2*(-81 + v) a composite number?
True
Let p = 94 - 94. Suppose -899 = -2*t + q, -2*q + 884 = 2*t - p*q. Is t composite?
True
Let n be ((-33)/(-9))/((-2)/(-6)). Let v(g) = g**3 - 11*g**2 - g + 11. Let m be v(n). Suppose m = -s - s + 1814. Is s composite?
False
Suppose 379 = -3*r + 3745. Suppose -5*y + r = -133. Is y a prime number?
True
Let g = -2 + 0. Suppose 57*i + 289 = 56*i. Is 3 - (i - (-2)/g) prime?
True
Let a(s) = 150*s - 55. Let p be a(17). Let c = p - 1014. Is c a prime number?
True
Let b(h) be the third derivative of 3*h**7/280 - h**6/240 + h**5/120 + h**4/12 - 2*h**2. Let q(r) be the second derivative of b(r). Is q(-3) prime?
False
Suppose -3*d + l = -11, 2*d + 0*d - l = 9. Suppose k - 1437 = -d*k. Is k a composite number?
False
Is ((-13)/(-39))/((-1)/(-3351)) a prime number?
True
Suppose -7*l + 2*l = -a - 10, 4*l - 5*a = 8. Suppose l*b - 20 = -4. Is (266/b)/((-5)/(-20)) composite?
True
Let n(s) = -1179*s - 289. Is n(-36) a composite number?
True
Suppose 0 = 3*m - 3 + 9, 4 = 3*g - 5*m. Let o(v) = 4*v + 1. Let c be o(g). Is c/(3 - (-232)/(-76)) composite?
True
Let k be 2734/10 - (-22)/(-55). Suppose 0*h - h + k = 0. Suppose -6*f + h = -225. Is f a prime number?
True
Is 123357/13*5/15 a prime number?
True
Suppose 0 = 4*a + 4, -17 = -3*z - a. Is z composite?
True
Suppose -c = -2*q + 511, q = -4*q + 3*c + 1280. Suppose m = -3*u + 110, 2*m + 2*u - q = -29. Is m prime?
True
Suppose -4*u + 8*u = 3*s + 119399, 2*u = 2*s + 59702. Is u prime?
False
Is 9377 + -3 + (-3 - 0) composite?
False
Let m be (-18462)/(-14) + 6/21. Let d = -342 + m. Is d composite?
False
Suppose 3457 + 328 = n. Is n a prime number?
False
Suppose 2*s + 3745 = u, 0 = -4*u + 2*s + 14965 + 27. Is u a prime number?
False
Suppose 5*v = 2*i + 14273 - 3628, 0 = 2*v + 2*i - 4258. Is v a prime number?
True
Let f(i) be the second derivative of 17*i**4/12 - 7*i**2/2 - i. Let d be 72/12*(-2)/(-4). Is f(d) prime?
False
Is -3 + 0/(-7) - -2930 a prime number?
True
Let j be (3/(-1))/(18/24). Let k(s) = -424*s + 13. Is k(j) a composite number?
False
Let x(i) = 0 - 2*i + 11*i**2 + 6 - 1 + 5*i. Let r = 63 - 58. Is x(r) a composite number?
True
Is (449634/(-12))/((-3)/6) prime?
False
Suppose -y = 3*o - 2404, 0 = 5*y + 3*o + 3847 - 15807. Is y a prime number?
True
Suppose -2*j - 2927 = -3*j. Is j prime?
True
Let p = -45212 + 89313. Is p a prime number?
True
Suppose -4*u + 66851 = 3*k, -4237 = -3*u + 4*k + 45920. Is u a composite number?
True
Let c(i) = i**3 + 25*i**2 + 45*i + 60. Is c(-23) composite?
False
Suppose 8*o + 1597 = -1307. Let u = o - -626. Is u a prime number?
True
Suppose -4*j = 4*g - 1 - 7, -j - 4*g + 8 = 0. Suppose c + 5*u = 156, -2*c + u - 2*u + 276 = j. Suppose -160 = -4*s + c. Is s a prime number?
False
Let q be (1 - 162)*(2 - 69). Let o = 15114 - q. Is o prime?
True
Suppose -5*v = -t + 33680 - 96687, -2*v - 5*t = -25192. Is v composite?
False
Suppose 3*d = 4*l - 236407, 59097 = l - 4*d + 8*d. Is l composite?
True
Suppose 0*t + 2*t = 5*t. Suppose t = -8*h + 4773 + 3379. Is h prime?
True
Is 2 + 273288/9 - (-22)/(-66) composite?
False
Let k = 350 - -2902. Suppose y - 813 = -5*a, -4*y + 3*a = -2*a - k. Is y composite?
True
Suppose 3*t - 197 = -167. Suppose 2*y - t*y = -4040. Is y a composite number?
True
Let a(s) be the second derivative of s**5/20 - s**4/6 - 2*s**3/3 + 2*s**2 - 5*s. Let g be a(4). Let k = g - -1. Is k composite?
True
Let d be (2/(-3))/(-2)*9. Suppose 4*h = d*n - 9, -2*n + 4*h = -4*n + 6. Suppose -2*t + 4*i + 304 = 0, -t + n*i + 162 = -i. Is t a composite number?
True
Suppose -7210 = -5*f + 5*k, -5*f + 7186 = 14*k - 11*k. Is f a prime number?
True
Let f = 13 - 13. Suppose 0 = -4*j - 16, 0 = -f*p - 2*p - j. Suppose -h + 59 = -5*s, -p*h + 3*s + 106 = -12. Is h a prime number?
True
Suppose u - 3*l = 15, -4*l - 4 = 2*u + 16. Suppose -t = -u*t - 57. Is t composite?
True
Suppose q = 9*q + 24016. Is (-2)/(-4) + q/(-4) composite?
False
Suppose 0 = 5*j + r - 65857, -r = 2*j - 0*r - 26341. Let x = 23037 - j. Is x a prime number?
False
Suppose 4*m = 9*m - 4475. Let k = -78 - -238. Let n = k + m. Is n composite?
True
Suppose -4*o = -5*g - 87859, 4*g + 10193 = -2*o + 54103. Is o prime?
True
Let v = 59624 + -29641. Is v composite?
False
Let h(c) = c**3 - 2*c**2 - 13*c + 1. Let g(m) = -m + 11. Let i be g(5). Is h(i) a prime number?
True
Suppose 3*m - 6 = -r + 8, -5*m + 27 = 2*r. Suppose 12*p = r*p + 7. Is p composite?
False
Let b(i) = -340*i + 331*i - 4 + 12 + 13*i**2. Is b(6) prime?
False
Let a(u) = 9*u**3 - 6*u**2 - 23*u + 27. Let w(f) = -4*f**3 + 3*f**2 + 12*f - 14. Let p(y) = 3*a(y) + 5*w(y). Is p(6) composite?
False
Let l(c) = 0 - 401*c - 2 - 1 - 6*c. Let q be l(-2). Suppose 5*b = 1144 + q. Is b a composite number?
True
Let w(v) be the first derivative of 5*v**2 - 17*v + 16. Is w(7) a composite number?
False
Let x = 91 - 55. Suppose -2*g + 2*d = -3*g - x, -3*d = 9. Let t = g - -52. Is t a prime number?
False
Let y(s) = 3*s**3 + 130*s**2 - 108*s - 73. Is y(-36) a composite number?
False
Suppose 0 = -4*l - 4*k + 1752, 4*l + 2*k = l + 1318. Let c = l + -123. Is c a composite number?
True
Let n(q) = -3*q + 28. Let s be n(9). Is ((-1380)/8 - s)*(-1 - 1) prime?
True
Let s = -113501 - -201790. Is s a prime number?
True
Let y(s) = -2*s + s**3 - 2*s**2 - 2*s**3 + 2*s**3 + 739. Is y(0) a composite number?
False
Is 2202/3 - (-2 - -4)/2 composite?
False
Let c be 24/4 + 1 + -1. Let t be (-3)/5*(c + -11). Suppose -3*d + 2*d - t*a = -97, 5*a + 20 = 0. Is d a composite number?
False
Suppose -12*t = 63*t - 326775. Is t prime?
True
Suppose 0 = -m - 2, 6*m = u + 2*m - 36237. Is u a prime number?
True
Let l be (-6)/21 - (-69)/21. Suppose 0 = l*n - 2*n - 187. Let y = 602 - n. Is y a prime number?
False
Let r(w) = -5734*w + 51. Is r(-2) a composite number?
False
Let j(c) be the first derivative of c**4/4 - 5*c**3/3 + 3*c**2/2 - c + 6. Let r be j(4). Let u(l) = 7*l**2 - 2*l. Is u(r) prime?
False
Let r = -20 + 14. Let f be (291/6)/(3/r). Let z = -66 - f. Is z prime?
True
Let r be (24 - 4)/(-1) - 1. Let j = r - -23. Suppose -4*f + 2*s + 374 = 42, -j*f = -4*s - 166. Is f prime?
True
Suppose 0 = 3*n - 609 + 45. Let k = n - 105. Is k prime?
True
Suppose -4*s = s. Suppose s*p - p = -631. Is p composite?
False
Let y(c) = 5490*c + 77. Is y(3) composite?
False
Let p be (5 + -4)/(1/3). Suppose -g - 13 = j + p*g, g = j - 7. Suppose -j*v = -65 - 181. Is v composite?
True
Let p(j) = 292*j**3 - 8*j**2 - 6*j - 5. Let h(m) = -m**2 - m - 1. Let g(u) = 6*h(u) - p(u). Is g(-1) prime?
True
Let c(y) = y**3 + y + 10. Let v be c(0). Let f = v + 0. Is 127/((f/(-5))/(-2)) a composite number?
False
Suppos